-4).
-5
Let p = 70 + -61. Suppose 7 = 4*a - l, a - p = -2*a + 2*l. Let k(c) = 23*c**3 + 2*c**2 - 2*c + 1. Calculate k(a).
24
Let s(v) = 18*v - 491. Let q be s(27). Let m(d) be the first derivative of d**3/3 + 3*d**2/2 - 1. Calculate m(q).
10
Let p(h) be the second derivative of h**4/6 + 2*h**3/3 + 3*h**2/2 - 228*h. Give p(-3).
9
Let g = 7 + -2. Let u(s) = 4*s + 13. Let f(r) = r + 3. Let h(p) = 2*f(p) - u(p). Give h(g).
-17
Suppose 2*d = -0*d + 3*g - 21, g - 20 = 5*d. Let f(w) be the second derivative of w**4/12 - w**3/6 - 3*w**2/2 + 7*w. What is f(d)?
9
Let y(u) be the second derivative of u**5/20 + 5*u**4/12 + 5*u**3/6 + u + 46. Give y(-2).
2
Let d(j) be the first derivative of -j**2/2 - 8*j - 434. Give d(11).
-19
Let m(w) = w. Suppose 5*u + 320 = -3*g, g + g - 128 = 2*u. Let c = u - -39. Let l = 19 + c. Determine m(l).
-6
Let o(x) = x - 3. Let z(a) = 3*a - 18. Let w(r) = -2*o(r) + z(r). Give w(5).
-7
Let k(r) = r - 10. Let p be k(12). Let t(l) = 4*l**2 - 3*l + l + 0*l**3 + 0*l**p - l**3. Determine t(4).
-8
Let z(y) = 3*y**2 + 21*y. Let t(c) = -2*c**2 - 14*c. Let x(d) = 7*t(d) + 5*z(d). Suppose 10*f - 21 = 4*l + 9*f, 2*l + 3 = 3*f. Give x(l).
-6
Let t(h) be the first derivative of h**2/2 + 3*h + 2023. Let p(i) = -i + 4. Let y be p(0). What is t(y)?
7
Let p(g) be the first derivative of -g**7/840 + 7*g**6/360 + g**5/15 - 3*g**4/8 - 10*g**3 + 23. Let q(a) be the third derivative of p(a). Give q(8).
-9
Let r be 39/5 - 2/(-10). Let m(x) = 65*x + 8. Let b(h) = -17*h - 2. Let y(j) = -23*b(j) - 6*m(j). Determine y(r).
6
Let j(m) be the second derivative of -m**6/120 - m**5/12 + m**4/4 - 5*m**3/6 - 5*m**2/2 - 13*m. Let v(q) be the first derivative of j(q). What is v(-6)?
-5
Let r(y) = 3*y - 56. Let d(h) = -h + 19. Let q(w) = 17*d(w) + 6*r(w). Suppose 30 = -5*u + 75. Give q(u).
-4
Let b(g) = 2*g**2 + 6*g - 5. Let k(c) = c**3 + 9*c**2 - 11*c - 4. Let r be 10*4/(-12)*3. Let q be k(r). Suppose -q - 4 = 2*z. Determine b(z).
15
Let k(w) = w**3 - 10*w**2 + 12*w - 25. Let q be k(9). Let a(g) = -g**3 + 3*g**2 - 2*g. Calculate a(q).
0
Let r(d) be the third derivative of -d**5/15 + d**4/8 - d**3/6 - 102*d**2. Calculate r(2).
-11
Let a(k) = 4*k + 6 + 0 + k**2 + 3*k. Suppose 130*g = 109*g - 147. Give a(g).
6
Let d(t) = -6*t**2 + 12*t - 7. Let x = 15 + -9. Let j(k) = 7*k**2 - 13*k + 8. Let g(b) = x*d(b) + 5*j(b). What is g(5)?
8
Suppose 2*t - 7*t + 25 = 0. Suppose 5*g - s = 0, g - 4*g = s. Let x(y) = g - 2 - y + 8. Give x(t).
1
Let n(j) = j - 1. Suppose -49*x - 102 = 2*x. Give n(x).
-3
Let p = 31 - 29. Let n(a) = -2 + 0*a**p - 1 - 17*a + 7*a - a**2. What is n(-8)?
13
Let r(a) = 4*a**2 - 3*a**3 + 3*a - 3 + 4 + 6*a**3. Let n(f) = f + 6. Suppose -17 - 15 = 4*z. Let t be n(z). Calculate r(t).
-13
Let q(n) = n + 3. Let u(o) = 2*o + 17. Let v(k) be the second derivative of k**3/6 + 9*k**2/2 + k. Let a(d) = 2*u(d) - 5*v(d). Let f be a(-8). What is q(f)?
0
Let n(b) = b**2 + 4*b - 5. Suppose -3*y + y + 5*j = -5, -3*j = y + 14. Give n(y).
0
Let x(r) = r + 12. Let p be x(8). Suppose 0 = -w - 3 + p. Let f(v) = 10*v + 4*v - w*v + 1. Calculate f(6).
-17
Let o(d) = 6*d - 2. Let k be (-156)/(-40) + 1/10. Let j be 7/k - (-12)/48. Give o(j).
10
Let u(n) = 16*n**2 - 16*n + 81. Let p(z) = -3*z**2 + 3*z - 16. Let b(y) = -11*p(y) - 2*u(y). What is b(0)?
14
Suppose 3*n = 7*n - 24. Let h(z) = n + 2*z + 60*z**3 - 5 - 59*z**3 - 4*z**2. Calculate h(2).
-3
Let c(o) = 2*o - 4. Let u be c(3). Let p(b) = 3 - 3 + b**u + 4*b - 7 + 0*b**2. Suppose -31*s - 240 = -54. Determine p(s).
5
Let s(i) = -2*i + 5 - 1 + 0. Suppose 8*c = 2*c + 6. Let v be 1/3*(c + 11). Calculate s(v).
-4
Suppose 0 = -294*s + 303*s + 63. Let t(r) = 2. Let g(b) = 2*b - 2 - 7 - 3*b. Let v(l) = -2*g(l) - 4*t(l). Give v(s).
-4
Let h(f) be the second derivative of f**5/20 - f**4 - f**2 - 3*f - 106. What is h(12)?
-2
Let k(h) = -8*h**3 - 3*h**2 + h + 1. Let y be k(1). Let g(p) = -p**3 - 10*p**2 - 10*p - 3. What is g(y)?
6
Suppose -3*w - 2*u + 2 = 0, 0*w + u + 12 = 5*w. Let o(i) be the second derivative of -i**5/10 + i**4/3 - i**3/3 - i**2 - 2*i. Give o(w).
-6
Let v(b) = -b + 1. Let k(n) = -2*n + 10. Let y(c) = -k(c) + 3*v(c). Determine y(-7).
0
Let h(m) = -5*m - 33. Let w be h(-8). Let a(u) = u**2 - 7*u + 6. Calculate a(w).
6
Let z(v) = v**2 - 5*v + 5. Suppose 2*j - 41 = 3*w - 2*w, 5*j - 85 = -w. Let l = 23 - j. Give z(l).
5
Suppose -32*d - 35*d = 536. Let f(j) = -j**3 - 7*j**2 + 4*j. What is f(d)?
32
Let b(h) = 19*h**3 + h**3 - 4*h**3 - h. Suppose -2*z = 4*a - 10, -2 = z - 3. Suppose a*x - 3*f + 0*f = -5, -5*f = -5. What is b(x)?
-15
Let u(l) = l**2 + l + 2. Let q be (4 + -3 - 3) + (5 - 1). Let n = 5 + -2. Suppose -n*d - q*d = 0. Calculate u(d).
2
Let c(m) = 2*m**2 + 3*m. Suppose 0 = -23*o + 3*o + 60. What is c(o)?
27
Let a(x) = -x + 7. Let y be a(4). Let m(g) = -g - 1 - y + 0 + 0*g. Determine m(-6).
2
Let r(g) = -4*g - 2. Suppose 3*z = 2*z + 11. Suppose z = 4*f - 9. Suppose f*a + 27 = -4*c, 4 = 4*a - c + 13. Determine r(a).
10
Let f(g) = -5*g + 1 + 4*g + 0*g. Let v = -7 - -12. Let o(q) = 3*q - 12. Let t be o(v). What is f(t)?
-2
Let f be 153/(-15) + 10 - 68/10. Let k(h) = -h**3 - 7*h**2 + 4. Determine k(f).
4
Let t(g) be the third derivative of g**6/120 - g**5/10 + g**4/3 - 5*g**3/6 - 21*g**2. Let j be t(4). Let q(h) = -h**3 - 5*h**2 + 3. Give q(j).
3
Suppose 98 = -3*y + 35. Let a be (36/y)/(2/(-28)). Suppose 16 = 5*m - a. Let g(l) = l. Give g(m).
8
Let y(z) = -2*z - 1259 + 0*z + 419 + 421 + 412. Determine y(4).
-15
Let c(p) = p**3 - 6*p**2 + 4*p + 2. Let v(s) = -2*s**3 + 12*s**2 - 9*s - 5. Let i(t) = 7*c(t) + 3*v(t). Let f be 4/14 + (-4)/14. Let h = f - -6. What is i(h)?
5
Let i(g) = 21*g**2 + 127*g + 7. Let v be i(-6). Let z(w) = 16*w**2 + w. What is z(v)?
17
Let y(m) = 2*m**2 - 12*m + 1. Let r be y(6). Let f(b) = 2 + 3 + 11*b - 7*b + b**2 - r. Let j be f(-4). Let s(i) = i - 5. Determine s(j).
-1
Let g(f) = -7*f + 15. Let k(c) = 19*c - 44. Let u(b) = -8*g(b) - 3*k(b). What is u(-10)?
22
Let x(d) = 7*d - 2. Let v(j) = 6*j - 2. Let m(o) = -6*v(o) + 5*x(o). What is m(-5)?
7
Let k(z) = -z - 2. Let i be -6 - (1 - 5 - 1). What is k(i)?
-1
Let y(a) = -3*a**3 + 5*a**2 - 10*a - 15. Let p(j) = 16*j**3 - 21*j**2 + 50*j + 76. Let z(c) = 2*p(c) + 11*y(c). What is z(12)?
11
Let q(y) be the first derivative of -y**5/120 - y**4/24 + 56*y**3/3 + 29. Let t(n) be the third derivative of q(n). Determine t(6).
-7
Suppose 8*p = -0 - 80. Let c be 32/14 + p/35. Let u(j) = 2*j + j**2 - 3 - 2 + 6. Determine u(c).
9
Let f(a) be the second derivative of 3*a**5/20 - a**3/3 + a**2/2 - 28*a. Give f(-2).
-19
Let p be ((-110)/(-2) + -3)*7/(-28). Let g(x) = 2*x**2 + 26*x - 3. Calculate g(p).
-3
Let o(t) = -t**3 + 8*t**2 - 9*t + 4. Let q = 1584 - 1577. What is o(q)?
-10
Let o(s) be the first derivative of s**4/4 + s**3/3 + 3*s - 19. Let z = -19 - -19. What is o(z)?
3
Let j be 6*((-168)/(-16) + -10). Let t(g) = g**3 - 4*g**2 - 4*g + 1. Calculate t(j).
-20
Let a(b) = b - 5. Suppose -4*p + 9 = -3*p + 3*j, -10 = -5*j. Let t(r) = 4*r**2 + r. Let x be t(1). Suppose x*w = p*w + 10. Give a(w).
0
Let x = 5 - 10. Let v(m) = m - 1. Let s be v(x). Let g(a) = -3*a + 82 - 5*a - 2*a**3 + a**3 - 7*a**2 - 85. Calculate g(s).
9
Suppose -31 + 7 = -4*v. Let n(x) = 3*x**2 + 13*x + 21. Let f = -26 - -29. Let u(z) = -2*z**2 - 7*z - 11. Let t(g) = f*n(g) + 5*u(g). Calculate t(v).
-4
Let w(c) = -3*c - 102 + 44 + c**2 + 61. Let p be 0 - -6 - 4/2. Calculate w(p).
7
Let z(h) = 2*h + 7. Let f(r) = -r - 3. Let w(s) = 5*f(s) + 3*z(s). Let v(i) = 3. Let b(a) = -5*v(a) + 3*w(a). Calculate b(-2).
-3
Let x = -394 - -394. Let g(s) = s**3 + s**2 + 26. Give g(x).
26
Let i = 33 + -25. Suppose 0 = -i*b + 4*b. Let u(x) = -3*x**3 + 2*x**2 + 2*x - 18. Let t(c) = 4*c**3 - 3*c**2 - 3*c + 19. Let l(y) = -2*t(y) - 3*u(y). Give l(b).
16
Suppose 12 = -4*t, o + 16 = -5*t + t. Let p(d) = 2*d**3 + 6*d**2 - d - 5. Determine p(o).
-33
Let n(c) be the first derivative of -c**3/3 - 4*c**2 - 5*c + 81. Determine n(-7).
2
Let k = 676 - 669. Let u(x) = x**2 - 6*x - 9. Give u(k).
-2
Suppose c + 2*c + 4*x + 3 = 0, x = -5*c + 12. Let f = 5 - c. Let o(t) = -f*t - 3 - 2*t**2 - 2*t - t. What is o(-3)?
-6
Let b(o) be the first derivative of 7*o**2/2 + 2*o + 170. Calculate b(-2).
-12
Let u(v) = 4*v - 6. Let l = -220 + 226. C